1332299 and 9?
1
Calculate the highest common divisor of 11345 and 92668229.
2269
What is the greatest common divisor of 76931 and 13718?
19
What is the highest common factor of 180788 and 16?
4
What is the greatest common divisor of 9896 and 1932376?
8
What is the highest common divisor of 747 and 37044036?
9
What is the greatest common factor of 36 and 114778476?
36
What is the greatest common factor of 3588974 and 110606?
3814
Calculate the highest common factor of 8620029 and 396.
99
Calculate the greatest common divisor of 255602898 and 216.
54
Calculate the greatest common divisor of 45 and 7745205.
15
Calculate the highest common factor of 2068 and 13647766.
1034
Calculate the greatest common divisor of 4709524 and 712.
356
Calculate the greatest common factor of 70 and 67862690.
70
Calculate the highest common divisor of 2856434 and 5470.
1094
What is the greatest common divisor of 749463723 and 82?
41
What is the greatest common divisor of 1288 and 630752?
184
Calculate the greatest common factor of 38694952 and 13472.
3368
Calculate the highest common factor of 7 and 2020403.
7
Calculate the greatest common factor of 322 and 20998586.
322
What is the greatest common divisor of 13764443 and 75999?
539
Calculate the highest common factor of 398790 and 15163470.
1890
What is the highest common factor of 11076441 and 183?
183
Calculate the greatest common factor of 3187866 and 121.
121
Calculate the greatest common divisor of 494570 and 4640.
10
What is the highest common divisor of 416192 and 477008?
112
What is the greatest common divisor of 1107 and 46071?
9
Calculate the greatest common factor of 16338771 and 337.
337
What is the greatest common divisor of 567 and 301091?
7
What is the greatest common divisor of 21479409 and 189?
63
Calculate the greatest common factor of 91811086 and 18464.
1154
What is the highest common divisor of 129174562 and 22?
22
Calculate the greatest common factor of 1402286 and 5549.
179
What is the highest common factor of 1035 and 85448105?
115
Calculate the greatest common factor of 78 and 6095206.
26
What is the greatest common divisor of 240 and 25859280?
240
What is the highest common divisor of 265415 and 52109?
487
What is the greatest common divisor of 152472 and 5128?
8
Calculate the greatest common divisor of 138446 and 60494.
406
What is the highest common factor of 307586 and 25086?
226
Calculate the highest common divisor of 184178354 and 182168.
6506
What is the greatest common factor of 24450 and 1191810?
30
What is the highest common factor of 1041899 and 1328?
83
Calculate the greatest common divisor of 6704215 and 3366445.
5735
Calculate the highest common divisor of 44262 and 185112.
18
Calculate the highest common factor of 2192641 and 18.
1
What is the highest common factor of 986 and 13388?
2
What is the greatest common divisor of 13080 and 132900?
60
What is the highest common factor of 1564 and 37846454?
782
Calculate the highest common factor of 2372 and 2712687988.
2372
Calculate the highest common divisor of 102945 and 7680.
15
Calculate the highest common factor of 1655121 and 23777.
403
Calculate the highest common factor of 355 and 40268502.
71
Calculate the greatest common factor of 311705 and 57815.
155
Calculate the highest common factor of 128 and 18345848.
8
Calculate the greatest common factor of 993614 and 3630658.
3778
What is the highest common divisor of 60207 and 127323?
987
What is the greatest common divisor of 5794392 and 38800?
776
Calculate the greatest common divisor of 198 and 8976286.
22
What is the highest common factor of 1611571 and 689?
689
Calculate the greatest common factor of 8548433 and 262361.
391
What is the greatest common factor of 36 and 4393449?
9
What is the highest common divisor of 33550 and 35662?
22
Calculate the greatest common factor of 452242624 and 597.
199
Calculate the highest common factor of 63 and 56260638.
63
What is the greatest common factor of 10 and 18316730?
10
Calculate the highest common factor of 13360680 and 108.
108
What is the highest common factor of 1052596 and 25201?
79
What is the highest common divisor of 352 and 101103992?
88
Calculate the highest common factor of 10818388 and 308.
28
What is the greatest common divisor of 24248 and 205242?
866
What is the highest common factor of 17139 and 4176?
87
What is the greatest common factor of 201 and 2503857?
201
Calculate the highest common factor of 47328550 and 3700.
1850
Calculate the greatest common divisor of 25437 and 151219.
61
What is the highest common factor of 488518 and 8366?
94
Calculate the highest common factor of 44536041 and 66.
33
What is the greatest common divisor of 16990939 and 357?
119
What is the highest common divisor of 9162 and 35789826?
3054
What is the greatest common factor of 2094 and 726071466?
2094
What is the greatest common divisor of 38255 and 9485?
35
Calculate the greatest common factor of 48216 and 5378093.
2009
What is the highest common factor of 93700 and 19313444?
3748
What is the highest common factor of 627 and 191140323?
627
What is the highest common factor of 38124192 and 228?
12
Calculate the highest common factor of 1440021 and 267047.
121
What is the greatest common factor of 2749159749 and 1029?
1029
Calculate the greatest common divisor of 48667743 and 9.
9
What is the highest common divisor of 1519 and 141953?
49
What is the highest common factor of 6054842 and 4?
2
Calculate the highest common factor of 2573831 and 1443.
481
What is the greatest common divisor of 1125 and 50679775?
25
What is the greatest common factor of 54876 and 1557510?
1614
Calculate the greatest common divisor of 439864 and 23.
1
Calculate the highest common divisor of 554211 and 11457.
171
Calculate the greatest common factor of 35786918 and 87172.
1406
What is the highest common divisor of 1675424 and 2542?
82
Calculate the highest common factor of 70640 and 65560.
40
What is the greatest common divisor of 196 and 13996409?
49
What is the highest common divisor of 1560660 and 5871?
57
Calculate the highest common divisor of 276 and 26758844.
92
What is the greatest common divisor of 584 and 38745480?
584
Calculate the greatest common divisor of 107982474 and 642.
642
Calculate the highest common factor of 4842 and 435375962.
538
What is the greatest common divisor of 537345204 and 352?
44
Calculate the greatest common divisor of 353411025 and 10815.
1545
What is the greatest common factor of 16393 and 18935176?
1261
What is the greatest common factor of 2657 and 48763921?
2657
What is the greatest common divisor of 12921090 and 1170?
390
Calculate the greatest common factor of 15726186 and 1330.
266
What is the highest common divisor of 71785 and 75135455?
1465
What is the highest common factor of 61732 and 2310741?
1403
Calculate the highest common divisor of 3366 and 5716437.
51
What is the greatest common factor of 2638591 and 1713?
571
Calculate the greatest common factor of 900 and 5247225.
225
Calculate the highest common divisor of 302659 and 371.
7
Calculate the greatest common divisor of 8 and 10941844.
4
What is the highest common divisor of 14192592 and 78604?
1828
What is the greatest common divisor of 2129 and 38785?
1
Calculate the highest common factor of 12784 and 4859518.
1598
What is the greatest common factor of 1300756058 and 98?
98
Calculate the greatest common factor of 512 and 12514256.
16
What is the highest common factor of 214456 and 220968?
88
What is the highest common factor of 396172 and 18634?
14
Calculate the greatest common divisor of 135 and 20657781.
27
Calculate the highest common factor of 3 and 3213127.
1
What is the greatest common factor of 10126514 and 402?
134
Calculate the greatest common factor of 131786838 and 162.
162
Calculate the highest common divisor of 2059 and 19360564.
71
What is the greatest common divisor of 682 and 3831631?
31
Calculate the highest common divisor of 8631 and 5620425.
411
What is the highest common divisor of 35407262 and 188?
94
What is the greatest common divisor of 11684783 and 66?
11
What is the greatest common factor of 1792368 and 4816?
16
Calculate the highest common factor of 146702537 and 34.
17
Calculate the greatest common factor of 42032 and 5178224.